e factors of 1031052495?
3, 5, 11, 43, 1201
What are the prime factors of 9879675?
3, 5, 13, 10133
List the prime factors of 2418445.
5, 101, 4789
List the prime factors of 2349815782.
2, 1174907891
List the prime factors of 299971177.
11, 27270107
List the prime factors of 355225222.
2, 11, 239, 67559
List the prime factors of 47826578.
2, 43, 556123
List the prime factors of 10836403.
19, 163, 3499
What are the prime factors of 394332192?
2, 3, 456403
List the prime factors of 7152321660.
2, 3, 5, 11, 10836851
List the prime factors of 398123911.
398123911
List the prime factors of 42435313.
47, 263, 3433
What are the prime factors of 644182857?
3, 41, 1745753
List the prime factors of 1658812148.
2, 7, 181, 327311
List the prime factors of 58530758.
2, 11, 13, 29, 7057
What are the prime factors of 132893688?
2, 3, 1109, 4993
List the prime factors of 43622044.
2, 10905511
List the prime factors of 97520697.
3, 10835633
List the prime factors of 76449752.
2, 223, 42853
List the prime factors of 3140720200.
2, 5, 15703601
What are the prime factors of 168691667?
4957, 34031
What are the prime factors of 57769786?
2, 28884893
What are the prime factors of 296959127?
419, 708733
What are the prime factors of 1225903533?
3, 89, 4591399
List the prime factors of 754930678.
2, 9127, 41357
List the prime factors of 730734120.
2, 3, 5, 17, 139, 859
What are the prime factors of 4757855556?
2, 3, 396487963
List the prime factors of 646730194.
2, 11, 3137, 9371
What are the prime factors of 326206928?
2, 593, 34381
What are the prime factors of 70290287?
29, 2423803
What are the prime factors of 38965749?
3, 23, 641, 881
List the prime factors of 100649751.
3, 487, 68891
List the prime factors of 15209117.
7, 11, 197521
What are the prime factors of 2432986386?
2, 3, 405497731
List the prime factors of 163770003.
3, 18196667
List the prime factors of 535986899.
7, 109, 263, 2671
List the prime factors of 472594897.
43, 59, 109, 1709
What are the prime factors of 371572320?
2, 3, 5, 7, 110587
What are the prime factors of 32524350?
2, 3, 5, 216829
What are the prime factors of 170685377?
170685377
What are the prime factors of 569478148?
2, 59, 2413043
What are the prime factors of 89540006?
2, 67, 668209
What are the prime factors of 3202310?
2, 5, 179, 1789
What are the prime factors of 354414943?
354414943
What are the prime factors of 70312119?
3, 17, 1378669
List the prime factors of 733116812.
2, 23, 7968661
List the prime factors of 366896782.
2, 7, 23, 41, 27791
List the prime factors of 50599299.
3, 19, 887707
List the prime factors of 194319243.
3, 131, 18313
What are the prime factors of 64191349?
64191349
What are the prime factors of 767463150?
2, 3, 5, 59, 86719
What are the prime factors of 713714229?
3, 89, 379, 2351
List the prime factors of 133235030.
2, 5, 19, 431, 1627
List the prime factors of 291668151.
3, 37, 1621
List the prime factors of 345140666.
2, 13, 13274641
What are the prime factors of 1954049722?
2, 31, 47, 61, 10993
List the prime factors of 620137952.
2, 7, 127, 21799
What are the prime factors of 37903727?
17, 19, 239, 491
List the prime factors of 364753591.
103, 3541297
What are the prime factors of 951076807?
31, 30679897
What are the prime factors of 382664283?
3, 2579, 49459
What are the prime factors of 6377218?
2, 3188609
What are the prime factors of 983074920?
2, 3, 5, 67, 122273
List the prime factors of 1234417975.
5, 7, 7053817
What are the prime factors of 26079914?
2, 7, 359, 5189
What are the prime factors of 1089882111?
3, 363294037
What are the prime factors of 908182956?
2, 3, 75681913
List the prime factors of 34724115.
3, 5, 17, 19, 2389
List the prime factors of 336462571.
37, 9093583
What are the prime factors of 3424877859?
3, 13, 23, 311, 12277
What are the prime factors of 8319307?
17, 23, 21277
What are the prime factors of 397623765?
3, 5, 7, 11, 344263
List the prime factors of 1997491.
29, 68879
List the prime factors of 41183086.
2, 7, 2941649
What are the prime factors of 45760144?
2, 29, 98621
What are the prime factors of 57092224?
2, 7, 63719
List the prime factors of 45642678.
2, 3, 67, 113539
What are the prime factors of 39035509?
73, 139, 3847
List the prime factors of 313912591.
313912591
What are the prime factors of 27309375?
3, 5, 971
List the prime factors of 431174465.
5, 29, 2973617
List the prime factors of 47580912.
2, 3, 83, 1327
List the prime factors of 3954161714.
2, 7829, 252533
What are the prime factors of 47483847?
3, 31, 56731
List the prime factors of 5363823849.
3, 2633, 679051
What are the prime factors of 2370620161?
7, 13, 26050771
What are the prime factors of 652752217?
13, 727, 69067
List the prime factors of 18623914.
2, 19, 490103
What are the prime factors of 178621514?
2, 89310757
What are the prime factors of 25873152?
2, 3, 59, 571
What are the prime factors of 1457146672?
2, 83, 239, 4591
What are the prime factors of 844634220?
2, 3, 5, 14077237
What are the prime factors of 63818879?
29, 2200651
What are the prime factors of 99867365?
5, 13, 499, 3079
List the prime factors of 12180509.
11, 1107319
List the prime factors of 1930791825.
3, 5, 61, 140677
What are the prime factors of 19898767?
7, 2842681
List the prime factors of 49276882.
2, 43, 79, 7253
List the prime factors of 120821373.
3, 499, 26903
What are the prime factors of 155046127?
263, 589529
List the prime factors of 433648206.
2, 3, 17, 43, 32957
What are the prime factors of 1439731346?
2, 19, 37, 1023991
What are the prime factors of 9304038?
2, 3, 172297
What are the prime factors of 621175174?
2, 41, 7575307
List the prime factors of 313905831.
3, 29, 1327, 2719
What are the prime factors of 1328400057?
3, 47, 9421277
What are the prime factors of 1001385668?
2, 7459, 33563
List the prime factors of 180354865.
5, 36070973
List the prime factors of 379161909.
3, 7, 61, 98663
List the prime factors of 3070207.
7, 438601
List the prime factors of 74363647.
74363647
What are the prime factors of 3541443353?
7, 457, 1107047
List the prime factors of 103719675.
3, 5, 53, 97, 269
List the prime factors of 65978550.
2, 3, 5, 11, 1481
List the prime factors of 1451873265.
3, 5, 96791551
What are the prime factors of 334696612?
2, 17, 41, 120049
What are the prime factors of 678631702?
2, 7, 19, 2551247
What are the prime factors of 19635564?
2, 3, 13, 191, 659
What are the prime factors of 502765251?
3, 19, 47, 187669
List the prime factors of 429390390.
2, 3, 5, 11, 13, 101, 991
List the prime factors of 205346857.
53, 3874469
List the prime factors of 284372101.
13, 709, 30853
List the prime factors of 11057649.
3, 3685883
What are the prime factors of 1277214503?
1277214503
What are the prime factors of 5859145499?
5859145499
List the prime factors of 1911437029.
31, 701, 87959
List the prime factors of 1987927928.
2, 7, 35498713
List the prime factors of 26314521.
3, 17, 227, 2273
List the prime factors of 1089782616.
2, 3, 13, 3492893
What are the prime factors of 120124088?
2, 7, 43777
List the prime factors of 129507847.
7, 18501121
What are the prime factors of 1362375788?
2, 107, 499, 6379
What are the prime factors of 329885435?
5, 11, 23, 79, 3301
What are the prime factors of 608863597?
229, 2658793
What are the prime factors of 334764594?
2, 3, 743, 25031
List the prime factors of 2859349035.
3, 5, 1489, 128021
What are the prime factors of 2303795031?
3, 257, 2988061
What are the prime factors of 259135872?
2, 3, 674833
What are the prime factors of 33871282?
2, 31, 659, 829
What are the prime factors of 18712387?
18712387
What are the prime factors of 3185850403?
19, 1307, 128291
What are the prime factors of 1628267632?
2, 61, 1668307
List the prime factors of 73664446.
2, 23, 73, 21937
What are the prime factors of 4673691396?
2, 3, 11, 67, 176153
List the prime factors of 414724927.
414724927
List the prime factors of 377566223.
53, 7123891
What are the prime factors of 79147072?
2, 463, 2671
What are the prime factors of 16167117?
3, 89, 151, 401
What are the prime factors of 96894963?
3, 11, 409, 2393
What are the prime factors of 24821929?
11, 2256539
List the prime factors of 370637014.
2, 11, 16847137
List the prime factors of 1272193945.
5, 11, 2311, 1000